 2*z + 1. What is s(d)?
23
Let c be 7/(-14)*((-5)/1 + 1). Suppose t + 5*k - 14 = 0, 4*t + 3*k - 11 = -c*k. Let n(u) = -1 + u**2 + 0 + 3*u**2. Give n(t).
3
Let x be (-33)/(-12)*48/(-12). Let b(p) = -p**2 - 12*p - 14. Determine b(x).
-3
Let l = 18 - 20. Let y(d) = 1. Let s(i) = i + 1. Let a(v) = l*s(v) + 3*y(v). Give a(2).
-3
Let f(w) be the first derivative of 11 - 5/2*w**2 + w + 1/3*w**3. Give f(4).
-3
Let h(q) be the second derivative of -q**5/20 - 7*q**4/12 + 2*q**3/3 - 3*q**2/2 + 15*q - 5. Calculate h(-7).
-31
Suppose 5*i + 4*y = 22, 2*i - 6*i + 4*y = 4. Let p(r) = 0 + i + 164*r - 163*r. Let o(j) = -3*j - 9. Let m be o(-4). What is p(m)?
5
Let x(l) = 3 - 5 + l**3 + 4*l**2 - 4*l + 0*l + 4. Let n be (35/21)/(2*(-3)/18). What is x(n)?
-3
Let t(c) = -5*c + 5. Suppose 0 = -4*f - 2 - 6. Let r be (2 - -1)/(3/f). Let m(d) = 11*d - 10. Let p(a) = r*m(a) - 5*t(a). Determine p(4).
7
Suppose -61 = g - 57. Let h(d) = 4*d - 3. Determine h(g).
-19
Suppose -8*j = -6*j. Let q(i) = 2 + 4 + j - 2 + i. What is q(-6)?
-2
Let n(d) = -3720*d + 7 - 1 - 3726*d + d**2 + 7453*d. Suppose g + 14 + 6 = 5*j, -2*j + g + 11 = 0. Suppose -l + 1 = -2*u + 7*u, -3*u + 15 = -j*l. What is n(l)?
-6
Let x be -3 + -6*6/(-9). Let n be (x/(-2))/((-7)/(-14)). Let c(d) = d**2 - d - 1. Give c(n).
1
Let f be 1 - (12/2)/(-1). Suppose 12 = 3*i - f*i. Let l(g) = -3*g. Let p(q) = -q**2 - 15*q - 3. Let d(k) = -5*l(k) + p(k). Calculate d(i).
-12
Let y(c) = -c + 5. Let b(v) = -21*v + 6. Let z be b(-2). Let f = z + -42. Calculate y(f).
-1
Let d(r) = r**2 - 4*r + 2. Let l = 118 + -115. Let j be d(l). Let w(k) = k**2 + 1. What is w(j)?
2
Let x(z) = 8*z**2 + 1. Let c be (72/(-84))/(2/(-70)). Let m = -29 + c. Calculate x(m).
9
Let x(r) = -2*r + 6. Let w(a) = 23*a + 15. Let s be w(-3). Let z = s - -62. Determine x(z).
-10
Let k(b) be the third derivative of 0*b + 16*b**2 + 0 + 0*b**3 + 1/24*b**4. Determine k(-5).
-5
Let q(j) = -15*j - 9. Let t(p) = -3*p. Let x(d) = q(d) - 6*t(d). Let w(i) = -i**2 - 10*i - 10. Let y be w(-8). Give x(y).
9
Suppose 0 = -3*k - 226*m + 227*m - 19, 0 = -5*k - m - 21. Let b(g) = 5*g - 2. Let n(i) = -11*i + 3. Let v(w) = -13*b(w) - 6*n(w). Determine v(k).
3
Let y(h) = -h**2 + 5. Let i(m) be the third derivative of 0 - 1/20*m**5 + 4*m**2 + 11/6*m**3 - 1/24*m**4 + 0*m. Let u(a) = 2*i(a) - 5*y(a). What is u(-2)?
-3
Let q(g) = 2*g + 3. Let i be (-6)/36 + (-37)/(-6). Let b be q(i). Suppose -r - 4*r - b = 0. Let z(x) = x**3 + 3*x**2 + 2. Determine z(r).
2
Let n be 12/9*(-3)/(-2). Let l(r) = 4 + 0 + r**2 + r**3 - 4*r - 6*r**n - 3. Determine l(5).
-19
Let t(i) be the third derivative of -i**4/8 - i**3/6 - 12*i**2 + 3*i. Give t(-5).
14
Let z(a) = -7 - a**2 - 3*a + 10*a - a. Calculate z(5).
-2
Let z(i) be the first derivative of i**4/4 - i**3/3 + i**2/2 + 29*i + 331. What is z(0)?
29
Let u = 6 - 1. Let a(c) = -c + 8. Let s be a(u). Let x(r) = -2*r - 3 - 5*r + s*r + 2*r. What is x(4)?
-11
Let v(u) = -u + 1. Suppose -4*o + 132 = 4*w, 4*o - 157 = -5*w + o. Let a = w + -11. Let x = 13 - a. What is v(x)?
6
Let k = -15 + 17. Suppose 3*n - k*r - 4 = 4*n, 2*r + 12 = n. Let f(v) = 2*v + n*v - 4*v + 4. What is f(-5)?
-6
Let t(o) be the second derivative of -o**5/20 + 2*o**4/3 - 11*o**3/6 - o**2 - 75*o + 3. Calculate t(6).
4
Let g(s) = -16*s**2 - 9*s - 11. Let k(z) = -7*z**2 - 4*z - 5. Let r(j) = 4*g(j) - 9*k(j). Determine r(-4).
-15
Let b be -1 + 0 - (-4 - -1). Let s(a) = b*a - 52 + 101 - 45. What is s(7)?
18
Let m(h) = h**2 - 6*h - 2. Suppose -2*c - 3*y + 2 = 0, 4*y - 20 = -4*c + 6*y. Suppose -c*z + 5*o = 6 + 5, z + 8 = -4*o. Let t be 10 - 0 - (z + 8). Give m(t).
-2
Let z(x) be the first derivative of x**4/4 - 10*x**3/3 + x**2 - 13*x - 335. Calculate z(10).
7
Let r(w) = -5 + 4 + 3*w**2 + 13*w**2. Let n = 10512 - 10513. Calculate r(n).
15
Let x be 1/(-1 + -4) + (-216)/45. Let c(n) = n**3 + 6*n**2 + 7*n - 1. Give c(x).
-11
Let i = -43 + 54. Suppose -q = k + i, 0 = -3*k + 2*k - 2*q - 16. Let t(c) = 2*c - c - 9 + 0*c - 3*c. What is t(k)?
3
Let c(y) = 2*y. Let d = 51 - 47. Suppose 12 = 5*x - k + 3*k, d*x - 3 = 5*k. Calculate c(x).
4
Suppose 0 = -17*s - 8 - 94. Let h = 15 - 9. Let x(j) = 2*j + j + h - j. Determine x(s).
-6
Let h be 2/5 - 8/20. Let g(f) be the first derivative of -4 + 0*f**2 - 10*f - 1/3*f**3. Determine g(h).
-10
Let o(b) = -135*b**2 + 140*b**2 + 5*b**3 - 6*b**3 - 6. Let r(u) = u + 17. Let s be r(-12). Calculate o(s).
-6
Let j(s) be the second derivative of s**3/3 - s**2/2 - s. Suppose 0 = 4453*b - 4455*b - 4. Determine j(b).
-5
Let f(a) = 2*a. Let z(y) = -3*y - 50. Suppose 2*x + 2*r - 74 = 6*x, 0 = -3*x + 4*r - 58. Let i be z(x). What is f(i)?
8
Let q(k) = k**2 - 4*k + 4. Let x(u) = u + 19. Let l be x(-12). Determine q(l).
25
Let a be ((-78)/(-9))/(2/3). Let s(v) = v - 13. Calculate s(a).
0
Let g = -7 + 18. Let o be -2*(-12)/8 + g. Let y = o - 10. Let r(v) = v**2 - 4*v + 1. What is r(y)?
1
Let c(n) = -3*n**3 + 2*n - 1. Let m(g) = -2*g - 2. Let v be m(3). Let y = v + 13. Suppose 2 = y*h - 3. Give c(h).
-2
Let s(a) = -4*a**2 - 11*a - 41. Let z(c) = -3*c**2 - 8*c - 39. Let d(o) = -4*s(o) + 5*z(o). Determine d(-8).
1
Suppose -5*i = -10*i - 20. Let b(l) = 9*l**2 + 8*l + 5. Let m(p) = -5*p**2 - 4*p - 3. Let d(u) = -3*b(u) - 5*m(u). Determine d(i).
-16
Let f(b) = -b**2 - 13*b - 5 - 2 + 3*b. Let x be f(-9). Let w(i) = 2*i - 2 + 1 + x. What is w(-4)?
-7
Suppose -7*h - 31 = -66. Let f(u) = 11 + 4*u - u - 4*u. Give f(h).
6
Let q(d) = -d. Let i(p) = p**3 - 2*p**2 - 2*p - 1. Let a be i(3). Let z be (2 + -3)/(1 - 35/42). Let o = a + z. Determine q(o).
4
Let u be 6/(-36)*-3*-4. Let p(w) = -22*w - 1. Calculate p(u).
43
Suppose -5*u + 13 = -p, 4*p + 2*u + 183 - 65 = 0. Let d = p + 22. Let c(q) = -q - 5. Give c(d).
1
Let f(x) = 17*x + 12*x**2 - 8*x**2 - 5*x**2 - 25*x. Determine f(-8).
0
Let b(x) = -1 - 930*x**2 + 1856*x**2 - 927*x**2 - 7*x. Suppose 17 = -2*y + l, 3*y + 45 = -2*y + 5*l. Determine b(y).
-9
Let v(n) = -2*n**2 + 3*n + 2. Let z(h) = 2*h - 19. Suppose -2*p + 16 = -3*s - 18, s - 18 = -2*p. Let f be z(p). Give v(f).
-7
Let w(y) be the second derivative of y**3/6 + 6*y**2 + 304*y. Determine w(-4).
8
Let a(q) = 2*q**2 + 40*q + 28. Let p(u) = u**2 + 14*u + 10. Let s(c) = -6*a(c) + 17*p(c). Suppose 0 = -3*h + 8*h - 10. Determine s(h).
18
Let z(n) = 4*n**2 - 7*n + 8. Let x(l) = -6*l**2 + 14*l - 17. Let r(i) = 3*x(i) + 5*z(i). Give r(-6).
19
Let u(s) = -s**2 + s - 8. Let q(k) = -k - 23. Let g be q(-25). Suppose 14*f - 9*f + 8 = -g*n, 5*f - 20 = 5*n. What is u(f)?
-8
Let n(l) = 2*l**2 + 14*l - 10. Suppose -3*j - 5 = q, 3*j - 51 + 8 = 5*q. What is n(q)?
6
Let y(h) = -h**2 + 14*h - 9. Suppose 0 = -0*m + 10*m + 1090. Let q = -96 - m. What is y(q)?
4
Let k(m) = 3*m**2 - 29*m + 20. Let l be k(9). Let s be (1 - l - -1)/(0 - -2). Let x(n) be the first derivative of n**2/2 + 10*n + 1. What is x(s)?
10
Let r(k) = -16*k - 8. Let n be r(-4). Let j = -56 + n. Let m(b) be the second derivative of -b**3/6 - 11*b**2/2 + b. What is m(j)?
-11
Let r(l) = -l**3 - 2*l**2 + 13*l + 6. Let k be r(-5). Let s = k + -12. Let b(x) = -x**2 + 3*x - 3. Give b(s).
-7
Let m(l) = l**3 + l**2 - l + 3. Suppose 5*o + 4*z = 158, -3*o + 4*z = 3*z - 88. Suppose 32*q = o*q - 6. Give m(q).
-12
Let r(k) = k**2 + 3*k + 4. Suppose -20 - 67 = 29*f. Determine r(f).
4
Suppose 0 = 5*q + 4*f - 20, -5*f + 0 = -q + 4. Let o(w) be the second derivative of -w**5/20 + 5*w**4/12 - w**3 + 2*w**2 + 10*w. Determine o(q).
-4
Let h(i) = 3*i - 2 + 2*i**3 + 7*i**2 + i**3 - 2*i**3. Let f(o) = -o**3 + 20*o**2 - 19*o - 6. Let u be f(19). Give h(u).
16
Let c(a) = 3*a**2 - 6*a + 5*a - 2*a**2 - 2*a + 6. Let o be 1*-1 - (38 + -43). What is c(o)?
10
Let m(o) = 5*o + 2. Suppose a = 6*a. Suppose -2*h + 2 - 4 = 0, 4*p - 4*h - 20 = a. Give m(p).
22
Let u(f) = f**2 + f + 2. Let b be -3 - (1 - (11 - 3)). Calculate u(b).
22
Suppose 70 = -2*h + h. Let k = h - -80. Let c(l) = -l + 13. Calculate c(k).
3
Let d(n) = -41*n**2 + 16*n - 8. Let j(c) = 15*c**2 - 6*c + 3. Let s(u) = -4*d(u) - 11*j(u). Calculate s(1).
0
Let i(f) = 6*f + 9. Let p(c) = c + 2. Let t(k) = -2*i(k) + 11*p(k). Suppose -2*n + 114 = -3*h, -5*n + 171 = -2*n + 4*h. Let q = 53 - n. Calculate t(q).
8
Suppose 4*l + 0*l = -32. Let j(g) = -13*g**2 + 0*g**2 + 23*g**2 + 1 + 7*g - 9*g**2 - 3. What is j(l)?
6
Let a(v